ose 5*v + 18 = -h + 4, -2*h - p = 2*v. What are the prime factors of w(v)?
2, 3
Suppose -9*n - 2548 = -25957. List the prime factors of n.
3, 17
Let s = -235 - -1083. What are the prime factors of s?
2, 53
What are the prime factors of 1306/6 + (-28)/(-12) + -3?
7, 31
Let p(l) = 267*l - 408. What are the prime factors of p(13)?
3, 1021
Let l(g) be the third derivative of g**5/60 - 11*g**4/24 - 4*g**3/3 + g**2 - 20. What are the prime factors of l(-7)?
2, 59
Suppose -21*w + 23*w - 2550 = 0. List the prime factors of w.
3, 5, 17
Let m be 49/(-2) - (-1)/2. Let b = -6 - m. Let i = -9 + b. List the prime factors of i.
3
Let g be (-4 + -1)*(-36)/20. Suppose -289 = -5*k - 4*p, 3*p = -3 - g. List the prime factors of k.
61
Suppose 0*i + 14518 = 5*i + n, 3*n = 4*i - 11603. List the prime factors of i.
2903
Suppose 0 = -3*y - 0*y. Suppose -290 = -y*b - 5*b. List the prime factors of b.
2, 29
Let z(b) = -b**3 + 5*b**2 - 3*b + 3747. What are the prime factors of z(0)?
3, 1249
Let q = -16 + 13. Let j be ((-4)/q)/(2/(-18)). List the prime factors of (j/16)/((-4)/80).
3, 5
Suppose -19*f + f + 26352 = 0. What are the prime factors of f?
2, 3, 61
Suppose 3431 - 635 = 6*s. List the prime factors of s.
2, 233
Let y(w) = 1060*w**2 + 71*w + 138. What are the prime factors of y(-2)?
2, 3, 353
Suppose -219*z - 17955 = -226*z. What are the prime factors of z?
3, 5, 19
Let q(c) = c**2 - 11*c - 11. Let g be (-54)/(-36)*(-6)/1. What are the prime factors of q(g)?
13
Let p be (-3 - -1)/(3/(-12)). Suppose 0 = p*g - 13*g + 390. Suppose 6*s = 4*s + g. List the prime factors of s.
3, 13
Let b(a) = 3*a**2 - 5*a + 1. Let g be b(5). Let j = g - 15. What are the prime factors of j?
2, 3
Suppose 0 = -43*v + 13680 + 2746. List the prime factors of v.
2, 191
Let d = 0 - 15. Let t = -20 - d. Let k(p) = p**3 + 6*p**2 - 2*p - 6. List the prime factors of k(t).
29
Suppose -3*p + 68 = -4*t, t = 4*p - 101 + 19. Let r = -78 + p. Let b = r + 82. List the prime factors of b.
2, 3
Suppose 11 = 2*h - 5*f, -5*f + 7*f - 1 = -h. What are the prime factors of ((-498)/3)/((-2)/h)*1?
3, 83
Suppose 12*k + 501 - 22437 = 0. What are the prime factors of k?
2, 457
List the prime factors of 287 + 0 + (-6 - -5).
2, 11, 13
What are the prime factors of ((-12174)/15)/(46/(-230))?
2, 2029
Let x(u) = u**2 - 4*u - 3. Let n be x(5). Suppose 0*d + 5*i + 122 = d, n*i = 4*d - 452. Suppose -o + 5*o = d. List the prime factors of o.
2, 7
Let g(a) = 20*a**2 + a - 2. Let w be g(2). Suppose -2*o + w - 10 = 0. List the prime factors of o.
5, 7
Let v = -351 + 431. What are the prime factors of v?
2, 5
Let o(f) = 39*f**2 - 2 - 13*f**2 + 1 + f. What are the prime factors of o(-1)?
2, 3
Let j be (-30)/(-20) - (-1)/(-2). Let i(n) = 60*n - 3. What are the prime factors of i(j)?
3, 19
Suppose 25 = -q - 0*d + d, 2*q + d + 50 = 0. Let m = 32 + q. Let z = 15 - m. What are the prime factors of z?
2
Suppose -2*d + 7 + 163 = 0. Suppose 4*i + d = 417. What are the prime factors of i?
83
Suppose 1735 = -2*o + 5*o - 5*x, 5*x = -10. List the prime factors of o.
5, 23
Let k = 31 - 34. What are the prime factors of 96 - (2 - (6/k + 1))?
3, 31
Let p = 36 - 61. Let a = p + 27. Suppose 4*v + 28 = a*s - 0*v, 2*v = -6. What are the prime factors of s?
2
What are the prime factors of (116/16)/((-415)/140 + 3)?
7, 29
Suppose -5*m + 12550 = -5*h, -4*m + 4*h + 10038 = -h. What are the prime factors of m?
2, 157
Let t = -1996 - -2352. List the prime factors of t.
2, 89
Let h = 62 - -1. Let g = h - 35. List the prime factors of g.
2, 7
Let x be (-3 - 2/(-1))*(-1 - -1). Suppose -5*s = -4*a - 590, -3*s + 5*a = -x*s - 367. What are the prime factors of s?
2, 3, 19
Let o(m) = -m**2 - 11*m - 3. Suppose 2*g = 4*q + 18, 4*q - 5*q - 2*g - 12 = 0. Let r be o(q). Suppose -30 = -a + r. List the prime factors of a.
3, 19
Suppose -49*j = -8*j - 134890. What are the prime factors of j?
2, 5, 7, 47
Let j = 3305 - 1922. What are the prime factors of j?
3, 461
Let s be (-10716)/(-10) - 14/(-35). Suppose -14*x = -958 - s. What are the prime factors of x?
5, 29
Let n = 12 - 7. Suppose 0 = -n*q + 2*q + 3. Suppose -2*u - q = -5. What are the prime factors of u?
2
Let m be -1*9*(3 - 2). Let w = 12 + m. What are the prime factors of (3 + (-5)/(-3))*w?
2, 7
Let v = -419 + 245. Let s = 21 - v. Suppose 8*o - s = 3*o + 2*w, -108 = -3*o + 3*w. List the prime factors of o.
41
What are the prime factors of (-12789)/(-12) - 25/(-100)?
2, 13, 41
What are the prime factors of 264/22*74/3?
2, 37
Suppose -2*b = 2*z - 8, 3 = -3*b + z + 11. Suppose -b*m + 114 = -u - 60, 0 = 3*m + u - 180. What are the prime factors of m?
59
Suppose x - 3*i - 4 = -3, 4*x + i = 17. Suppose -x*l = 3 - 23. Suppose -o = 3*n - 31, 0 = l*n - 5*o - 36 - 9. What are the prime factors of n?
2, 5
Let x = -127 + 313. What are the prime factors of x?
2, 3, 31
Suppose 3*v - 12 = 0, 4*m + 141 - 685 = 3*v. What are the prime factors of m?
139
Let n = 3233 - 550. List the prime factors of n.
2683
Suppose -p + 4 = -v, -5*v - 8*p + 6*p = -8. Suppose v = -2*q + 4, -4*q - 31 = -o + 220. List the prime factors of o.
7, 37
What are the prime factors of (-34 - 1020)*(1 + 7/(-2))?
5, 17, 31
Suppose -4*o = 3*h - 3928, -10*h + 2*o + 1316 = -9*h. List the prime factors of h.
2, 41
Let l(q) = -57*q**2 - 3*q + 2. Let k be l(1). List the prime factors of k/(-4) - 3/6.
2, 7
Let v(x) = x**2 + 6*x - 6. Let t(q) = q**2 + 6*q - 5. Let o(b) = -3*t(b) + 2*v(b). Let l be o(-6). Suppose -l*a + 12 = -a. List the prime factors of a.
2, 3
Let v(q) = 7*q**2 - 3*q - 2. Let y be v(3). Suppose -f + 2*p = f + y, -2*f = 2*p + 32. What are the prime factors of f/(1/(1 + -2))?
3, 7
Let z = -10 + 13. Suppose 0 = o - z*o. Suppose o*v - 2*v + 40 = 0. What are the prime factors of v?
2, 5
Let i(m) be the second derivative of -m**4/12 - m**3/2 + 5*m**2/2 + 3*m. Let s be i(6). Let h = 70 + s. List the prime factors of h.
3, 7
Suppose 498*m = 504*m - 1182. List the prime factors of m.
197
Suppose 0 = 37*s - 39*s + 1524. What are the prime factors of s?
2, 3, 127
Let s(r) be the third derivative of -83*r**5/20 + r**4/12 + r**3/6 + 7*r**2. Let g be s(-1). What are the prime factors of 10/(-15) - g/6?
41
Suppose -3*o - 7 + 31 = 0. Let w(t) = -t**2 + 9*t - 8. Let u be w(o). Suppose u*f - 32 = -2*f. List the prime factors of f.
2
Let g(w) = -6*w + 18. Let y be g(-7). Suppose -69 = -3*u + y. What are the prime factors of u?
43
Suppose 28*b - 30*b - 970 = -4*j, -963 = -4*j - 5*b. List the prime factors of j.
2, 11
Let s(j) = 262*j**2 + 6*j + 3. Let l(d) = 87*d**2 + 2*d + 1. Let k(x) = 7*l(x) - 2*s(x). List the prime factors of k(-1).
2, 3, 7
Suppose -102 = -3*v - 3*o, -o + 2 + 0 = 0. List the prime factors of v.
2
Let w be -3*((-16)/(-12) + -2). Suppose -3*u - 4*f - 68 = -0*f, 94 = -4*u - w*f. Let x = 14 - u. What are the prime factors of x?
2, 19
Let r(x) = 9*x**2 + x + 16. What are the prime factors of r(16)?
2, 73
Let p(r) = -r**3 - 7*r**2 - 4*r + 7. Let v(w) = w**3 + 10*w**2 - 6. Let o be v(-10). Let f be p(o). What are the prime factors of 4/10 + (-143)/f?
29
What are the prime factors of 0/(-2) - -504*1?
2, 3, 7
Suppose 2*p = 255 + 761. List the prime factors of p.
2, 127
Let i(x) = 4*x - 4. Let h be i(3). Suppose 4 - 36 = -h*z. What are the prime factors of z?
2
Let o(j) = -3*j - 3. Let r(m) = 4*m + 1. Let w be r(-1). Let s be o(w). Suppose -4 = -2*t + s. List the prime factors of t.
5
Suppose 0 = -k - 2, 5*p - k - 16 = -3*k. Suppose 0 = 3*c - 5*c + 4, 5*c = -p*i - 102. What are the prime factors of (-6)/10 + i/(-5)?
5
Let t(x) = -16*x + 285. List the prime factors of t(-26).
701
Let s = 14 - 14. Let l(i) = -i**3 + i**2 - 4. Let h be l(s). List the prime factors of (-2)/h*(-24)/(-1).
2, 3
Let d(t) = -33*t**2 - 4*t + 47. Let j be d(6). Let a = -832 - j. List the prime factors of a.
3, 37
Let p(w) be the second derivative of w**4/3 - w**3/2 - 3*w**2/2 + 8*w. List the prime factors of p(6).
3, 41
Let w be (0 - 1 - -1)/(-4 + 1). Suppose -s + 2 = -2*h - 7, 3*s = -4*h - 3. Suppose 11 = s*v - w*v + f, -4*f = v. What are the prime factors of v?
2
Let o(u) = -u**2 - 5*u + 16. Let t be o(-7). Let g be t*(-4)/(-16)*2. Let m(p) = 32*p**3 + 2*p - 1. List the prime factors of m(g).
3, 11
Suppose 34 = -3*n - 86. List the prime factors of 8/3*(-420)/n.
2, 7
Let o(n) = 